{"id":55,"date":"2019-08-29T21:59:01","date_gmt":"2019-08-29T19:59:01","guid":{"rendered":"http:\/\/www.worteimdunkel.at\/?page_id=55"},"modified":"2021-02-21T22:00:02","modified_gmt":"2021-02-21T21:00:02","slug":"zeitgeschichte-1932-bis-1955","status":"publish","type":"page","link":"https:\/\/www.worteimdunkel.at\/?page_id=55","title":{"rendered":"Kurzer \u00dcberblick \u00fcber die Zeitgeschichte \u00d6sterreichs von 1918 bis 1955"},"content":{"rendered":"\n<p>In den unten verlinkten Kapiteln findest Du \u00dcberblicksdarstellungen der jeweiligen Zeitr\u00e4ume, die chronologisch nach wichtigen oder interessanten Fakten, Ereignissen oder Beschl\u00fcssen von oben nach unten verlaufen.<\/p>\n\n\n\n<p><br><a href=\"https:\/\/www.worteimdunkel.at\/?page_id=457\">1918 bis zum &#8222;Anschluss&#8220;<\/a><br>Erste Republik, St\u00e4ndestaat und &#8222;Anschluss&#8220;. Krisen, Putsche, B\u00fcrgerkrieg<\/p>\n\n\n\n<p><a href=\"https:\/\/www.worteimdunkel.at\/?page_id=453\">1938 nach dem &#8222;Anschluss&#8220;<\/a><br>\u00d6sterreich wird zu Deutschland. Vom &#8222;Anschluss&#8220; bis zum Novemberpogrom 1938<\/p>\n\n\n\n<p><a href=\"https:\/\/www.worteimdunkel.at\/?page_id=1343\">1939 bis Kriegsende<\/a><br>Zweiter Weltkrieg. Vom Kriegsbeginn bis zur Kapitulation<\/p>\n\n\n\n<p><a href=\"https:\/\/www.worteimdunkel.at\/?page_id=459\">Besatzungszeit bis 1955<\/a><br>Nachkriegszeit. Vom Ende des Zweiten Weltkriegs bis zum Staatsvertrag<\/p>\n\n\n\n<p><a href=\"https:\/\/www.worteimdunkel.at\/?page_id=490\">Details<\/a><br>Einzelne Themen und Details des Zeitraums von 1918 bis 1955 etwas genauer betrachtet<\/p>\n","protected":false},"excerpt":{"rendered":"<p>In den unten verlinkten Kapiteln findest Du \u00dcberblicksdarstellungen der jeweiligen Zeitr\u00e4ume, die chronologisch nach wichtigen oder interessanten Fakten, Ereignissen oder Beschl\u00fcssen von oben nach unten verlaufen. 1918 bis zum &#8222;Anschluss&#8220;Erste Republik, St\u00e4ndestaat und &#8222;Anschluss&#8220;. Krisen, Putsche, B\u00fcrgerkrieg 1938 nach dem &#8222;Anschluss&#8220;\u00d6sterreich wird zu Deutschland. Vom &#8222;Anschluss&#8220; bis zum Novemberpogrom 1938 1939 bis KriegsendeZweiter Weltkrieg. Vom [&hellip;]<\/p>\n","protected":false},"author":1,"featured_media":0,"parent":0,"menu_order":0,"comment_status":"closed","ping_status":"closed","template":"","meta":{"footnotes":""},"class_list":["post-55","page","type-page","status-publish","hentry"],"_links":{"self":[{"href":"https:\/\/www.worteimdunkel.at\/index.php?rest_route=\/wp\/v2\/pages\/55","targetHints":{"allow":["GET"]}}],"collection":[{"href":"https:\/\/www.worteimdunkel.at\/index.php?rest_route=\/wp\/v2\/pages"}],"about":[{"href":"https:\/\/www.worteimdunkel.at\/index.php?rest_route=\/wp\/v2\/types\/page"}],"author":[{"embeddable":true,"href":"https:\/\/www.worteimdunkel.at\/index.php?rest_route=\/wp\/v2\/users\/1"}],"replies":[{"embeddable":true,"href":"https:\/\/www.worteimdunkel.at\/index.php?rest_route=%2Fwp%2Fv2%2Fcomments&post=55"}],"version-history":[{"count":233,"href":"https:\/\/www.worteimdunkel.at\/index.php?rest_route=\/wp\/v2\/pages\/55\/revisions"}],"predecessor-version":[{"id":13689,"href":"https:\/\/www.worteimdunkel.at\/index.php?rest_route=\/wp\/v2\/pages\/55\/revisions\/13689"}],"wp:attachment":[{"href":"https:\/\/www.worteimdunkel.at\/index.php?rest_route=%2Fwp%2Fv2%2Fmedia&parent=55"}],"curies":[{"name":"wp","href":"https:\/\/api.w.org\/{rel}","templated":true}]}}

Kurzer Überblick über die Zeitgeschichte Österreichs von 1918 bis 1955

<p>In den unten verlinkten Kapiteln findest Du Überblicksdarstellungen der jeweiligen Zeiträume, die chronologisch nach wichtigen oder interessanten Fakten, Ereignissen oder Beschlüssen von oben nach unten verlaufen.</p>



<p><br><a href="https://www.worteimdunkel.at/?page_id=457">1918 bis zum &#8222;Anschluss&#8220;</a><br>Erste Republik, Ständestaat und &#8222;Anschluss&#8220;. Krisen, Putsche, Bürgerkrieg</p>



<p><a href="https://www.worteimdunkel.at/?page_id=453">1938 nach dem &#8222;Anschluss&#8220;</a><br>Österreich wird zu Deutschland. Vom &#8222;Anschluss&#8220; bis zum Novemberpogrom 1938</p>



<p><a href="https://www.worteimdunkel.at/?page_id=1343">1939 bis Kriegsende</a><br>Zweiter Weltkrieg. Vom Kriegsbeginn bis zur Kapitulation</p>



<p><a href="https://www.worteimdunkel.at/?page_id=459">Besatzungszeit bis 1955</a><br>Nachkriegszeit. Vom Ende des Zweiten Weltkriegs bis zum Staatsvertrag</p>



<p><a href="https://www.worteimdunkel.at/?page_id=490">Details</a><br>Einzelne Themen und Details des Zeitraums von 1918 bis 1955 etwas genauer betrachtet</p>

<p>In den unten verlinkten Kapiteln findest Du Überblicksdarstellungen der jeweiligen Zeiträume, die chronologisch nach wichtigen oder interessanten Fakten, Ereignissen oder Beschlüssen von oben nach unten verlaufen. 1918 bis zum &#8222;Anschluss&#8220;Erste Republik, Ständestaat und &#8222;Anschluss&#8220;. Krisen, Putsche, Bürgerkrieg 1938 nach dem &#8222;Anschluss&#8220;Österreich wird zu Deutschland. Vom &#8222;Anschluss&#8220; bis zum Novemberpogrom 1938 1939 bis KriegsendeZweiter Weltkrieg. Vom [&hellip;]</p>
